 y = 57 - 26. Suppose -3 = -h - f, -5*h - f + 4*f = -y. Let d(m) = 1 - 5*m**2 + m + m**3 + m**3 - m**3. Give d(h).
6
Let y(z) = -2*z**3 - 4 - 4*z + 3*z + 3. Let l(x) = -x**2 + 2*x. Let n be l(1). Let d = -2 + n. Give y(d).
2
Let t(h) = -4*h**3 + 5*h**2 - 7. Let k(b) = 5*b**3 - 5*b**2 + 8. Let i(n) = 3*k(n) + 4*t(n). What is i(5)?
-4
Let x(p) = 3*p**3 + 4*p. Let q(h) = 4*h**3 - h**2 + 5*h. Let y(w) = -4*q(w) + 5*x(w). Let o = -17 - -21. Give y(o).
0
Let j(b) = b**2 - 7*b + 1. Let i be j(7). Let n(q) = 5*q - q**2 - q - i - 3*q. Let y(g) = -g**2 - 4*g. Let t be y(-3). Give n(t).
-7
Let r be 1*(-1 - -5*1). Let d = -1 + r. Let z(a) = a**2 + 4*a - 2*a**2 + 306 - 307. Determine z(d).
2
Let l = 4 + -2. Let b(z) = l + 2 - 6 - z. Suppose 0*x - 3*x - 15 = 0. Give b(x).
3
Let d(m) be the third derivative of m**7/168 - m**6/360 + m**5/120 + m**3/3 + m**2. Let x(a) be the first derivative of d(a). Calculate x(1).
5
Let r(c) = -3*c + c - c + 2*c. What is r(1)?
-1
Let q be 12/3*(-3)/4. Let p(c) = -3*c - c + 2 + 2*c. Give p(q).
8
Suppose 4 - 10 = 2*q. Let l be (-6*(-2)/q)/(-2). Let p(v) = -4*v**2 + 2*v + v**2 + 0*v + 2. Determine p(l).
-6
Let z(i) = -i - 7. Let d(b) = 7*b**3 - 2*b**2 + b + 1. Let y be d(-1). Determine z(y).
2
Let j(o) = o**3 + 5*o**2 + 4*o + 4. Suppose -6 = 2*b - 0*b. Determine j(b).
10
Suppose -5*y + 11 = -9, 2*y = 3*m + 2. Let j(c) be the third derivative of c**5/60 - c**4/8 + c**3/6 - c**2. Give j(m).
-1
Let h = 31 - 36. Let c(k) = -5*k**2 + k - 4. Let g(t) = -9*t**2 + 3*t - 7. Let l(i) = 11*c(i) - 6*g(i). Determine l(h).
8
Let z(k) = -k. Let b(f) be the second derivative of f**4/12 - 5*f**3/2 + 4*f**2 - 2*f. Let x(q) = b(q) - 6*z(q). What is x(7)?
-6
Let c(i) = -2*i**2 + 4*i - 2. Let r be c(2). Let a(q) = q**2 + 4*q - 1. Let k be a(r). Let p(o) = -5*o**2 + 5*o**3 + 6 + 136*o - 6*o**3 - 135*o. Give p(k).
1
Let w = 0 + 5. Let o(k) = k**3 - 3*k**2 - 6*k + 3. Let y(b) = -b + 1. Let c(m) = -o(m) - 2*y(m). Calculate c(w).
-15
Let q(v) = -v + 2*v - 4*v + 4*v + 11. Calculate q(-6).
5
Let g = -26 - -15. Let m(n) = -n - 20. Let p(s) = -4. Let l(j) = g*p(j) + 2*m(j). Determine l(5).
-6
Suppose -12 = -6*n + 2*n. Let j be -3 - -3 - (-6)/n. Let d(v) = j*v**3 + 5*v - 8*v - 1 + 0. Determine d(-2).
-11
Let c(r) = -r**2 + 13*r + 20. Let j be c(14). Let n(m) = 2*m - 18. Let v(s) = s - 9. Let i(y) = -6*n(y) + 13*v(y). Give i(j).
-3
Let u be 1 + (-27)/21 - 54/(-42). Let o(s) = 8*s. Determine o(u).
8
Let x(l) = 4*l**2. Let k be x(-1). Let q be (-2 + 5)/(6/4). Let a(g) = -2*g + g**2 + 0*g**q - 136 + 134. Give a(k).
6
Suppose -4*x + 3*d = 4, -7*d + 18 = -x - 2*d. Let g(u) be the first derivative of x - 2*u**2 + 0*u**2 + 2*u - u**2. Determine g(2).
-10
Let h = 0 + -1. Let c(w) be the first derivative of 0*w + 2 - 1/2*w**2 - 2/3*w**3 - 3/2*w**4. Give c(h).
5
Let u(p) = -2*p**2 + 4*p - 8. Let o(i) = -i**2 + 8*i - 18. Let q(m) = -4*m + 9. Let z(b) = -3*o(b) - 5*q(b). Let f(w) = -4*u(w) - 3*z(w). What is f(-4)?
5
Let u(x) be the second derivative of x**3/6 + 4*x**2 - x. Suppose -9 + 27 = -3*g. Give u(g).
2
Let l(n) = -n + 1. Let x(a) = 2*a - 6. Let f(c) = 3*l(c) + x(c). What is f(-4)?
1
Let x be (5/15 + 0)*-15. Let a(i) = -i**2 - 8*i - 3. Calculate a(x).
12
Let u(p) = p**3 + 5*p**2 - 8*p - 3. Let q = 34 - 40. Give u(q).
9
Suppose 0 = -4*t - 20 + 12. Let p(a) = 2*a**3 + a**2 - a - 1. Calculate p(t).
-11
Let x(s) = 3*s**2 + s - 1. Let n(u) = 2*u + 0 + 3*u - 6*u + 3. Let p be n(2). What is x(p)?
3
Suppose -2*w = 2*w + 24. Let n(z) = z + 6. Determine n(w).
0
Let r = 4 + -1. Suppose -5*u + r*j = 3 + 7, -4*u + j = 8. Let d(l) be the second derivative of -l**5/20 - l**4/6 - l**2/2 + l. What is d(u)?
-1
Let w(f) = -2*f**2 + 4*f - 2. Suppose k = 3*k + 4*m - 30, 2*k - 15 = -m. Suppose 0 = -k*x + 26 - 11. What is w(x)?
-8
Suppose -15 = 3*w + 2*w. Let q = 6 + w. Let l(d) = d**3 - 3*d**2 + 2*d - 2. Determine l(q).
4
Let x(q) = -2 + 7 - 3 - 4 + 3*q. Determine x(2).
4
Suppose 0 = -s - 5*p + 18, -2*s - p + 15 = 2*s. Let w(o) be the third derivative of -1/12*o**4 + 2*o**2 + 0 - 1/6*o**s + 0*o. Determine w(4).
-9
Let o(n) = -n**2 - 14*n - 17. Let k be o(-12). Let b(p) = -p**3 + 7*p**2 + p + 2. Give b(k).
9
Let r(u) = u - 5. Suppose 0 = -14*k + 28 + 56. What is r(k)?
1
Let o(m) = -6*m + 1. Let s(b) = b - 3*b + 2*b + b. Let x(y) = 2*o(y) + 11*s(y). Calculate x(5).
-3
Let y(b) = b**3 + 3*b**2 - 2*b - 2. Suppose 5*l - 113 + 13 = 0. Suppose 4*q - a = -l, q + 31 = 4*a + 11. Determine y(q).
-10
Let n(o) = o - 9. Let g be n(4). Let d(f) = -f**2. Let l(y) = -y**3 - 7*y**2 + 4*y + 4. Let m(j) = 3*d(j) - l(j). Calculate m(g).
-9
Let f(x) = -x**3 + 4*x**2 + x - 4. Suppose t = 7*t - 18. Calculate f(t).
8
Let c(n) be the third derivative of -n**4/24 + 2*n**3/3 + 3*n**2. Let g be c(5). Let f(v) = 5*v**2 - 2*v - 1. Calculate f(g).
6
Let u(g) be the third derivative of -g**4/24 - 13*g**3/6 - 60*g**2. Determine u(0).
-13
Let a(i) = 2*i**2 + 3*i - 5*i - i - 2. What is a(3)?
7
Let y(c) = c**3 + 2*c - 5*c**2 - 7 + 8 + 0*c**3 - 4. Let u = -5 - -4. Let m = 1 - u. Determine y(m).
-11
Let l(a) be the third derivative of -a**4/24 - a**3/6 + 3*a**2 + 6. What is l(6)?
-7
Let h = 8 + -13. Let l(v) be the second derivative of v**3/6 + 422*v. Calculate l(h).
-5
Let c be -10*3/(-3) + -4. Let h(d) = -d**2 + 8*d - 9. Determine h(c).
3
Suppose -3 = v - 2*m, 11*v - 3*m = 6*v - 1. Let d(c) = 8*c - 1. Determine d(v).
7
Let d(m) = 76 - m - 85 - m**2 + m. Determine d(0).
-9
Let h(b) = -b**3 - 5*b**2 + 3. Let k be h(-5). Let f(n) = 6*n + 4. Let r(a) = 5*a + 4. Let t(g) = -3*f(g) + 4*r(g). What is t(k)?
10
Let l(t) = 5*t**3 + t**2 + t - 1. Let o be 6 + -9 + 2/(-2). Let u(s) = -s + 5. Let x be u(o). Let k be (1 + (-12)/x)*-3. Give l(k).
6
Let s be 3/(-15) - 764/(-20). Let n(l) = -l + 2*l - 39 + s - 4*l**2. What is n(1)?
-4
Let v(z) be the third derivative of -z**6/120 + z**5/60 + z**3/3 + z**2. Let i be 6/3 + 4/2. Suppose i*y = 3*r + 20, 2*r = -3*y + 2*y - 6. Give v(y).
-2
Let f(i) = -i + 9. Suppose 4*l + l = 0. What is f(l)?
9
Let m(a) = a**2 - 4*a. Let w(b) = b**2 - b + 1. Let z(v) = -m(v) + 2*w(v). Suppose 5*y - 4*j - j + 10 = 0, -y + 2*j = -2. Let u = y - -3. Give z(u).
5
Let u(a) be the third derivative of -a**6/120 - 7*a**5/60 - 7*a**4/24 + a**3/3 - a**2. Suppose 4 = -2*x - 6. What is u(x)?
-13
Let r(n) = -6*n**2. Suppose -2 = -m, 4*v + v + 5*m = 5. What is r(v)?
-6
Let t(m) be the second derivative of m**3/3 - 10*m. Give t(2).
4
Suppose -a + 8 = a. Suppose -a*j + 6 = -6. Let q(r) = 0*r**2 - j - 3*r - 3*r**2 - 1 + r**3. Calculate q(4).
0
Let y(w) be the third derivative of w**4/12 - w**3/3 + 33*w**2. What is y(3)?
4
Suppose 0*n - 15 = -3*r - 3*n, -3*n + 15 = -r. Let t be 1/(-1)*(-14)/2. Let a(i) = -9*i + 19. Let g(q) = 4*q - 9. Let y(o) = t*g(o) + 3*a(o). Give y(r).
-6
Let g(j) = j**2 - j + 5. Let w(y) = y**2. Let o be w(0). What is g(o)?
5
Let s(r) be the first derivative of -r**5/120 - 5*r**4/24 + 2*r**3/3 - 1. Let a(w) be the third derivative of s(w). Give a(0).
-5
Suppose -4*p + p + 66 = 0. Let v(k) = -6*k**2 - p*k - 1 + 22*k. Determine v(1).
-7
Suppose 0*j + j - 3 = 0. Suppose j*v + 2*v = -25. Let x(y) = -y + 1. Give x(v).
6
Let b(x) = -2*x - 2. Let l = -136 - -128. Give b(l).
14
Let h be (-1 + 1 - 4)*(-14)/8. Let t(m) = -2*m + 4. What is t(h)?
-10
Let i(v) = v. Let d(j) = -2. Let h(k) = -2*d(k) + 4*i(k). Let x(z) = -3*z - 3. Let p(u) = 4*h(u) + 5*x(u). Give p(-5).
-4
Let q(w) = w - 1. Let f(a) = 3*a - 1. Let t be f(1). Let l be (-87)/6 + t/(-4). Let k be (-2)/(-5) + 21/l. Determine q(k).
-2
Let p(f) = -f**3 + f**2 + f + 1. Let z(m) = 6*m**3 - 3*m**2 - m - 1. Let n(l) = 2*p(l) + z(l). What is n(-1)?
-5
Let k(u) be the first derivative of -u**2 - 9*u + 2. Give k(-7).
5
Let m(b) be the first derivative of -b**3/3 + 5*b**2/2 + 4*b - 4. Let y be m(6). Let n(q) = -q**3 - 4*q**2 - q + 2. Determine n(y).
-4
Let c(j) = 13*j - j**3 + j**2 - 5*j - 4*j. Determine c(3).
-6
Let y(r) = 2*r - 2. Let u be y(2). Let n = 3 + u. Suppose -l + 2*k + 10 = -1, k = -n*l. Let i(f) = -5*f**3 + 2*f**2 - 1. Determine i(l).
-4
Let b(h) be the second derivative of -h**4/12 + h**3/6 + h**2/2 + 6*h. Let o(z) = -4*z**2 - 1. Let q be o(-1). Let m be (-4)/(-10) + 7/q. What is b(m)?
-1
Suppose 6*f = 4*f + 4. Let d(i) = i**3 - 2*i**2 + 2*i - 1. Cal